er?
True
Is 8760827 a composite number?
True
Is 21516259 composite?
False
Is 29228905 composite?
True
Is 212562043 prime?
False
Is 227240641 composite?
False
Is 91621 a composite number?
False
Is 192710873 prime?
True
Is 939149 a prime number?
False
Is 21969581 composite?
False
Is 2238841 prime?
False
Is 111027751 composite?
False
Is 4790293 a composite number?
False
Is 12882113 composite?
True
Is 452115877 prime?
False
Is 235360043 composite?
False
Is 27241951 prime?
False
Is 54707287 prime?
False
Is 1793731 prime?
True
Is 741187 a composite number?
False
Is 30331577 a composite number?
False
Is 10482029 composite?
False
Is 28492553 composite?
True
Is 30873527 prime?
False
Is 1422887231 prime?
True
Is 3773129 a composite number?
False
Is 447947 composite?
True
Is 11122073 a composite number?
False
Is 23744449 composite?
False
Is 1187759 prime?
False
Is 3567761 a composite number?
False
Is 15136079 prime?
False
Is 41722397 composite?
False
Is 47280317 composite?
True
Is 295617019 a prime number?
True
Is 132092417 prime?
False
Is 103729889 a prime number?
False
Is 181747 composite?
True
Is 124802841 a composite number?
True
Is 14744197 a prime number?
False
Is 50405371 a prime number?
False
Is 6084269 composite?
False
Is 2438153 prime?
True
Is 11570617 a composite number?
False
Is 781387 prime?
True
Is 30539141 a prime number?
True
Is 3032611 a prime number?
True
Is 1390619 composite?
False
Is 175733201 composite?
True
Is 839804933 composite?
True
Is 90819341 a composite number?
True
Is 6091879 a prime number?
True
Is 156253243 composite?
True
Is 4340941 composite?
True
Is 602673 a composite number?
True
Is 150656809 composite?
False
Is 54696773 composite?
False
Is 84292114 composite?
True
Is 192858511 composite?
True
Is 98830243 a composite number?
True
Is 3112423 composite?
False
Is 87222059 a composite number?
False
Is 10460519 prime?
True
Is 24646717 prime?
True
Is 53896177 a composite number?
True
Is 115560337 a prime number?
False
Is 47623141 composite?
True
Is 101263297 a composite number?
False
Is 47033969 a composite number?
True
Is 292048817 a composite number?
False
Is 17029201 a composite number?
True
Is 128579717 composite?
True
Is 13687615 prime?
False
Is 8352827 a prime number?
False
Is 1106029 prime?
True
Is 39169397 prime?
False
Is 45754921 composite?
False
Is 1001899853 a prime number?
True
Is 22568045 a prime number?
False
Is 465209 a prime number?
True
Is 47181269 a composite number?
True
Is 155866781 prime?
False
Is 214508387 composite?
False
Is 26104349 prime?
False
Is 493535921 a composite number?
False
Is 30491059 composite?
True
Is 24879931 prime?
True
Is 94161491 a composite number?
True
Is 133167787 prime?
False
Is 3264773 prime?
True
Is 166987 a composite number?
False
Is 64280687 a prime number?
True
Is 8908313 composite?
False
Is 24400133 a prime number?
False
Is 12447469 composite?
False
Is 18796303 prime?
True
Is 341756407 a prime number?
True
Is 3318071 prime?
False
Is 84934849 a composite number?
True
Is 120666209 prime?
True
Is 27536219 a composite number?
True
Is 9825391 a composite number?
False
Is 172141 a composite number?
True
Is 7338607 a prime number?
True
Is 308202289 a composite number?
True
Is 145596403 a composite number?
False
Is 40743089 composite?
False
Is 1019810851 composite?
False
Is 13132001 a prime number?
True
Is 6466003 composite?
True
Is 136160567 a composite number?
False
Is 1864151 a composite number?
False
Is 22828831 a prime number?
True
Is 395284349 prime?
True
Is 49567933 composite?
True
Is 218682461 a composite number?
True
Is 5281379 composite?
False
Is 4474399 prime?
True
Is 39467101 prime?
False
Is 2024174 a prime number?
False
Is 64376387 a composite number?
False
Is 914333 prime?
False
Is 35788067 a prime number?
False
Is 13556563 a prime number?
True
Is 76700693 composite?
True
Is 270499 composite?
True
Is 258019 a prime number?
True
Is 115045561 composite?
True
Is 43224679 prime?
False
Is 916301 a composite number?
True
Is 2928727 a prime number?
False
Is 16859281 composite?
False
Is 418844047 a prime number?
True
Is 4073791 prime?
True
Is 410651 a composite number?
False
Is 4561409 a composite number?
False
Is 1323953 prime?
False
Is 4316483 composite?
False
Is 329153899 a composite number?
False
Is 4212223 prime?
False
Is 2170229 composite?
False
Is 12916011 a composite number?
True
Is 91737611 prime?
False
Is 60518047 a prime number?
True
Is 76621097 a prime number?
False
Is 47019529 a prime number?
False
Is 3608639 prime?
True
Is 1087949 a composite number?
True
Is 309623 prime?
True
Is 3163297 composite?
False
Is 94873 composite?
False
Is 303717007 a prime number?
False
Is 29161609 prime?
True
Is 2139149 a prime number?
True
Is 76987069 composite?
True
Is 358646534 a prime number?
False
Is 71860861 prime?
True
Is 4910223 prime?
False
Is 128914819 prime?
False
Is 31692751 a composite number?
False
Is 26487429 prime?
False
Is 11663837 a prime number?
True
Is 6623297 prime?
True
Is 5231899 composite?
True
Is 3754277 a prime number?
True
Is 1569697 a prime number?
False
Is 89134685 prime?
False
Is 247716853 a composite number?
True
Is 295123 composite?
False
Is 43850533 composite?
False
Is 763603 a composite number?
True
Is 206167849 prime?
True
Is 5047279 composite?
True
Is 18402191 composite?
False
Is 4301837 composite?
False
Is 26338669 a prime number?
False
Is 4012241 a composite number?
False
Is 24328363 a composite number?
True
Is 1323317 a composite number?
True
Is 2117939 composite?
True
Is 17228503 a prime number?
True
Is 106452327 a composite number?
True
Is 293413 a composite number?
False
Is 302905207 a prime number?
False
Is 31051687 a prime number?
True
Is 1066039 a prime number?
False
Is 2728871 a prime number?
False
Is 5598251 a composite number?
False
Is 2067083845 a prime number?
False
Is 9531367 a prime number?
True
Is 361183643 a prime number?
True
Is 3320891 composite?
True
Is 11973571 a prime number?
True
Is 1990753 a prime number?
True
Is 27048947 a prime number?
True
Is 64999331 a prime number?
False
Is 2387269 prime?
True
Is 613760471 prime?
True
Is 641555 composite?
True
Is 480419 a composite number?
False
Is 2478937 prime?
True
Is 8745733 a composite number?
True
Is 1319022739 a composite number?
False
Is 10878223 a composite number?
False
Is 7961087 a prime number?
True
Is 3032893 a prime number?
False
Is 10181531 a composite number?
True
Is 3263495 a composite number?
True
Is 1746599 a composite number?
False
Is 7300183 composite?
True
Is 197422817 prime?
False
Is 28662767 a composite number?
True
Is 13060247 a prime number?
True
Is 15668269 a composite number?
False
Is 49457257 prime?
False
Is 414299 composite?
True
Is 466441 prime?
True
Is 1006862 prime?
False
Is 29790571 prime?
False
Is 158210567 composite?
False
Is 19240733 a composite number?
False
Is 26074967 a composite number?
False
Is 665701 composite?
True
Is 12105641 composite?
True
Is 580879 prime?
False
Is 3358766 composite?
True
Is 1971863 a composite number?
True
Is 73827147 composite?
True
Is 219231427 a composite number?
False
Is 62469167 prime?
False
Is 167417249 prime?
False
Is 96978151 prime?
True
Is 89613011 prime?
True
Is 207939 composite?
True
Is 30332611 composite?
False
Is 4724569 a composite number?
False
Is 127114999 composite?
True
Is 6176801 composite?
False
Is 20996713 prime?
True
Is 3053267 a prime number?
False
Is 19134181 a prime number?
False
Is 72545969 a prime number?
False
Is 119973347 a prime number?
False
Is 10394795 prime?
False
Is 28592953 a prime number?
True
Is 263793 prime?
False
Is 19252799 composite?
False
Is 27305011 prime?
False
Is 41413114 a prime number?
False
Is 15399113 a prime number?
False
Is 339932707 composite?
True
Is 4061077 composite?
False
Is 64505137 composite?
False
Is 690641 a prime number?
False
Is 586702 a composite number?
True
Is 1419611 a prime number?
True
Is 865295 a prime number?
False
Is 76406515 a composite number?
True
Is 10469561 a composite number?
False
Is 153077539 prime?
True
Is 93196555 a composite number?
True
Is 2529803 composite?
False
Is 17998 a prime number?
False
Is 22784449 a prime number?
True
Is 61793269 prime?
True
Is 1888559 a prime number?
True
Is 2939347 a composite number?
False
Is 98265611 composi